{"id":47,"date":"2020-01-07T16:50:45","date_gmt":"2020-01-07T16:50:45","guid":{"rendered":"http:\/\/seminarhaus-trier.de\/?page_id=47"},"modified":"2020-09-18T08:58:54","modified_gmt":"2020-09-18T08:58:54","slug":"kueche","status":"publish","type":"page","link":"https:\/\/seminarhaus-trier.de\/?page_id=47","title":{"rendered":"K\u00fcche"},"content":{"rendered":"\t\t<div data-elementor-type=\"wp-page\" data-elementor-id=\"47\" class=\"elementor elementor-47\">\n\t\t\t\t\t\t<section class=\"elementor-section elementor-top-section elementor-element elementor-element-aa609a3 elementor-section-boxed elementor-section-height-default elementor-section-height-default\" data-id=\"aa609a3\" data-element_type=\"section\">\n\t\t\t\t\t\t<div class=\"elementor-container elementor-column-gap-default\">\n\t\t\t\t\t<div class=\"elementor-column elementor-col-100 elementor-top-column elementor-element elementor-element-c2e69a5\" data-id=\"c2e69a5\" data-element_type=\"column\">\n\t\t\t<div class=\"elementor-widget-wrap elementor-element-populated\">\n\t\t\t\t\t\t<div class=\"elementor-element elementor-element-f77f09d elementor-hidden-tablet elementor-hidden-phone elementor-widget elementor-widget-spacer\" data-id=\"f77f09d\" data-element_type=\"widget\" data-widget_type=\"spacer.default\">\n\t\t\t\t<div class=\"elementor-widget-container\">\n\t\t\t\t\t<div class=\"elementor-spacer\">\n\t\t\t<div class=\"elementor-spacer-inner\"><\/div>\n\t\t<\/div>\n\t\t\t\t<\/div>\n\t\t\t\t<\/div>\n\t\t\t\t\t<\/div>\n\t\t<\/div>\n\t\t\t\t\t<\/div>\n\t\t<\/section>\n\t\t\t\t<section class=\"elementor-section elementor-top-section elementor-element elementor-element-28288f3 elementor-section-boxed elementor-section-height-default elementor-section-height-default\" data-id=\"28288f3\" data-element_type=\"section\">\n\t\t\t\t\t\t<div class=\"elementor-container elementor-column-gap-default\">\n\t\t\t\t\t<div class=\"elementor-column elementor-col-33 elementor-top-column elementor-element elementor-element-055729d\" data-id=\"055729d\" data-element_type=\"column\">\n\t\t\t<div class=\"elementor-widget-wrap\">\n\t\t\t\t\t\t\t<\/div>\n\t\t<\/div>\n\t\t\t\t<div class=\"elementor-column elementor-col-33 elementor-top-column elementor-element elementor-element-3a73026\" data-id=\"3a73026\" data-element_type=\"column\">\n\t\t\t<div class=\"elementor-widget-wrap elementor-element-populated\">\n\t\t\t\t\t\t<div class=\"elementor-element elementor-element-4b6b07b elementor-widget elementor-widget-text-editor\" data-id=\"4b6b07b\" data-element_type=\"widget\" data-widget_type=\"text-editor.default\">\n\t\t\t\t<div class=\"elementor-widget-container\">\n\t\t\t\t\t\t\t<p>K\u00fcche<b><br \/><\/b><\/p>\t\t\t\t\t\t<\/div>\n\t\t\t\t<\/div>\n\t\t\t\t\t<\/div>\n\t\t<\/div>\n\t\t\t\t<div class=\"elementor-column elementor-col-33 elementor-top-column elementor-element elementor-element-4993ab0\" data-id=\"4993ab0\" data-element_type=\"column\">\n\t\t\t<div class=\"elementor-widget-wrap\">\n\t\t\t\t\t\t\t<\/div>\n\t\t<\/div>\n\t\t\t\t\t<\/div>\n\t\t<\/section>\n\t\t\t\t<section class=\"elementor-section elementor-top-section elementor-element elementor-element-839dce8 elementor-section-boxed elementor-section-height-default elementor-section-height-default\" data-id=\"839dce8\" data-element_type=\"section\">\n\t\t\t\t\t\t<div class=\"elementor-container elementor-column-gap-default\">\n\t\t\t\t\t<div class=\"elementor-column elementor-col-33 elementor-top-column elementor-element elementor-element-611e25c\" data-id=\"611e25c\" data-element_type=\"column\">\n\t\t\t<div class=\"elementor-widget-wrap elementor-element-populated\">\n\t\t\t\t\t\t<div class=\"elementor-element elementor-element-8c8e74c elementor-widget elementor-widget-image\" data-id=\"8c8e74c\" data-element_type=\"widget\" data-widget_type=\"image.default\">\n\t\t\t\t<div class=\"elementor-widget-container\">\n\t\t\t\t\t\t\t\t\t\t\t\t\t<img fetchpriority=\"high\" decoding=\"async\" width=\"225\" height=\"300\" src=\"https:\/\/seminarhaus-trier.de\/wp-content\/uploads\/2020\/01\/IMG_20190920_163428-225x300.jpg\" class=\"attachment-medium size-medium wp-image-186\" alt=\"\" srcset=\"https:\/\/seminarhaus-trier.de\/wp-content\/uploads\/2020\/01\/IMG_20190920_163428-225x300.jpg 225w, https:\/\/seminarhaus-trier.de\/wp-content\/uploads\/2020\/01\/IMG_20190920_163428-768x1024.jpg 768w, https:\/\/seminarhaus-trier.de\/wp-content\/uploads\/2020\/01\/IMG_20190920_163428-1152x1536.jpg 1152w, https:\/\/seminarhaus-trier.de\/wp-content\/uploads\/2020\/01\/IMG_20190920_163428-1536x2048.jpg 1536w, https:\/\/seminarhaus-trier.de\/wp-content\/uploads\/2020\/01\/IMG_20190920_163428-scaled.jpg 1920w\" sizes=\"(max-width: 225px) 100vw, 225px\" \/>\t\t\t\t\t\t\t\t\t\t\t\t\t<\/div>\n\t\t\t\t<\/div>\n\t\t\t\t\t<\/div>\n\t\t<\/div>\n\t\t\t\t<div class=\"elementor-column elementor-col-33 elementor-top-column elementor-element elementor-element-1c62d6c\" data-id=\"1c62d6c\" data-element_type=\"column\">\n\t\t\t<div class=\"elementor-widget-wrap elementor-element-populated\">\n\t\t\t\t\t\t<div class=\"elementor-element elementor-element-8148d4b elementor-widget elementor-widget-text-editor\" data-id=\"8148d4b\" data-element_type=\"widget\" data-widget_type=\"text-editor.default\">\n\t\t\t\t<div class=\"elementor-widget-container\">\n\t\t\t\t\t\t\t<p style=\"text-align: right;\"><strong>Die K\u00fcche befindet sich wie auch der Seminarraum im Erdgeschoss und sie hat ein Fenster zum Garten und zur Ruwer gerichtet. In der K\u00fcche befindet sich ein gro\u00dfer Einbauwandschrank der 50er Jahre. Dort findet Ihr viele n\u00fctzliche K\u00fcchenger\u00e4te sowie alles, was Ihr f\u00fcr den K\u00fcchengebrauch ben\u00f6tigt. Desweiteren ist die K\u00fcche mit einem Backofen, einem Cerankochfeld, einem K\u00fchlschrank mit gro\u00dfem Eisfach, Microwelle und Kaffeemaschine ausgestattet.<\/strong><\/p>\t\t\t\t\t\t<\/div>\n\t\t\t\t<\/div>\n\t\t\t\t\t<\/div>\n\t\t<\/div>\n\t\t\t\t<div class=\"elementor-column elementor-col-33 elementor-top-column elementor-element elementor-element-12266d1\" data-id=\"12266d1\" data-element_type=\"column\">\n\t\t\t<div class=\"elementor-widget-wrap elementor-element-populated\">\n\t\t\t\t\t\t<div class=\"elementor-element elementor-element-7ec7c1e elementor-widget elementor-widget-image\" data-id=\"7ec7c1e\" data-element_type=\"widget\" data-widget_type=\"image.default\">\n\t\t\t\t<div class=\"elementor-widget-container\">\n\t\t\t\t\t\t\t\t\t\t\t\t\t<img decoding=\"async\" width=\"1024\" height=\"768\" src=\"https:\/\/seminarhaus-trier.de\/wp-content\/uploads\/2020\/09\/K\u00fcche1-1024x768.jpg\" class=\"attachment-large size-large wp-image-462\" alt=\"\" srcset=\"https:\/\/seminarhaus-trier.de\/wp-content\/uploads\/2020\/09\/K\u00fcche1-1024x768.jpg 1024w, https:\/\/seminarhaus-trier.de\/wp-content\/uploads\/2020\/09\/K\u00fcche1-300x225.jpg 300w, https:\/\/seminarhaus-trier.de\/wp-content\/uploads\/2020\/09\/K\u00fcche1-768x576.jpg 768w, https:\/\/seminarhaus-trier.de\/wp-content\/uploads\/2020\/09\/K\u00fcche1-1536x1152.jpg 1536w, https:\/\/seminarhaus-trier.de\/wp-content\/uploads\/2020\/09\/K\u00fcche1-2048x1536.jpg 2048w\" sizes=\"(max-width: 1024px) 100vw, 1024px\" \/>\t\t\t\t\t\t\t\t\t\t\t\t\t<\/div>\n\t\t\t\t<\/div>\n\t\t\t\t\t<\/div>\n\t\t<\/div>\n\t\t\t\t\t<\/div>\n\t\t<\/section>\n\t\t\t\t<section class=\"elementor-section elementor-top-section elementor-element elementor-element-5c6eccb elementor-section-boxed elementor-section-height-default elementor-section-height-default\" data-id=\"5c6eccb\" data-element_type=\"section\">\n\t\t\t\t\t\t<div class=\"elementor-container elementor-column-gap-default\">\n\t\t\t\t\t<div class=\"elementor-column elementor-col-50 elementor-top-column elementor-element elementor-element-1fdde7e\" data-id=\"1fdde7e\" data-element_type=\"column\">\n\t\t\t<div class=\"elementor-widget-wrap elementor-element-populated\">\n\t\t\t\t\t\t<div class=\"elementor-element elementor-element-4be1e4c elementor-widget elementor-widget-image\" data-id=\"4be1e4c\" data-element_type=\"widget\" data-widget_type=\"image.default\">\n\t\t\t\t<div class=\"elementor-widget-container\">\n\t\t\t\t\t\t\t\t\t\t\t\t\t<img decoding=\"async\" width=\"1024\" height=\"768\" src=\"https:\/\/seminarhaus-trier.de\/wp-content\/uploads\/2020\/09\/K\u00fcche2-1024x768.jpg\" class=\"attachment-large size-large wp-image-463\" alt=\"\" srcset=\"https:\/\/seminarhaus-trier.de\/wp-content\/uploads\/2020\/09\/K\u00fcche2-1024x768.jpg 1024w, https:\/\/seminarhaus-trier.de\/wp-content\/uploads\/2020\/09\/K\u00fcche2-300x225.jpg 300w, https:\/\/seminarhaus-trier.de\/wp-content\/uploads\/2020\/09\/K\u00fcche2-768x576.jpg 768w, https:\/\/seminarhaus-trier.de\/wp-content\/uploads\/2020\/09\/K\u00fcche2-1536x1152.jpg 1536w, https:\/\/seminarhaus-trier.de\/wp-content\/uploads\/2020\/09\/K\u00fcche2-2048x1536.jpg 2048w\" sizes=\"(max-width: 1024px) 100vw, 1024px\" \/>\t\t\t\t\t\t\t\t\t\t\t\t\t<\/div>\n\t\t\t\t<\/div>\n\t\t\t\t\t<\/div>\n\t\t<\/div>\n\t\t\t\t<div class=\"elementor-column elementor-col-50 elementor-top-column elementor-element elementor-element-295d54c\" data-id=\"295d54c\" data-element_type=\"column\">\n\t\t\t<div class=\"elementor-widget-wrap elementor-element-populated\">\n\t\t\t\t\t\t<div class=\"elementor-element elementor-element-e89c662 elementor-widget elementor-widget-image\" data-id=\"e89c662\" data-element_type=\"widget\" data-widget_type=\"image.default\">\n\t\t\t\t<div class=\"elementor-widget-container\">\n\t\t\t\t\t\t\t\t\t\t\t\t\t<img loading=\"lazy\" decoding=\"async\" width=\"768\" height=\"578\" src=\"https:\/\/seminarhaus-trier.de\/wp-content\/uploads\/2020\/09\/K\u00fcche--768x578.jpg\" class=\"attachment-medium_large size-medium_large wp-image-461\" alt=\"\" srcset=\"https:\/\/seminarhaus-trier.de\/wp-content\/uploads\/2020\/09\/K\u00fcche--768x578.jpg 768w, https:\/\/seminarhaus-trier.de\/wp-content\/uploads\/2020\/09\/K\u00fcche--300x226.jpg 300w, https:\/\/seminarhaus-trier.de\/wp-content\/uploads\/2020\/09\/K\u00fcche--1024x771.jpg 1024w, https:\/\/seminarhaus-trier.de\/wp-content\/uploads\/2020\/09\/K\u00fcche--1536x1156.jpg 1536w, https:\/\/seminarhaus-trier.de\/wp-content\/uploads\/2020\/09\/K\u00fcche--2048x1542.jpg 2048w\" sizes=\"(max-width: 768px) 100vw, 768px\" \/>\t\t\t\t\t\t\t\t\t\t\t\t\t<\/div>\n\t\t\t\t<\/div>\n\t\t\t\t\t<\/div>\n\t\t<\/div>\n\t\t\t\t\t<\/div>\n\t\t<\/section>\n\t\t\t\t<section class=\"elementor-section elementor-top-section elementor-element elementor-element-46d37ab elementor-section-boxed elementor-section-height-default elementor-section-height-default\" data-id=\"46d37ab\" data-element_type=\"section\">\n\t\t\t\t\t\t<div class=\"elementor-container elementor-column-gap-default\">\n\t\t\t\t\t<div class=\"elementor-column elementor-col-33 elementor-top-column elementor-element elementor-element-1a0ccfa\" data-id=\"1a0ccfa\" data-element_type=\"column\">\n\t\t\t<div class=\"elementor-widget-wrap\">\n\t\t\t\t\t\t\t<\/div>\n\t\t<\/div>\n\t\t\t\t<div class=\"elementor-column elementor-col-33 elementor-top-column elementor-element elementor-element-2a8a43d\" data-id=\"2a8a43d\" data-element_type=\"column\">\n\t\t\t<div class=\"elementor-widget-wrap\">\n\t\t\t\t\t\t\t<\/div>\n\t\t<\/div>\n\t\t\t\t<div class=\"elementor-column elementor-col-33 elementor-top-column elementor-element elementor-element-2ebce45\" data-id=\"2ebce45\" data-element_type=\"column\">\n\t\t\t<div class=\"elementor-widget-wrap\">\n\t\t\t\t\t\t\t<\/div>\n\t\t<\/div>\n\t\t\t\t\t<\/div>\n\t\t<\/section>\n\t\t\t\t<\/div>\n\t\t","protected":false},"excerpt":{"rendered":"<p>K\u00fcche Die K\u00fcche befindet sich wie auch der Seminarraum im Erdgeschoss und sie hat ein Fenster zum Garten und zur Ruwer gerichtet. In der K\u00fcche befindet sich ein gro\u00dfer Einbauwandschrank der 50er Jahre. Dort findet Ihr viele n\u00fctzliche K\u00fcchenger\u00e4te sowie alles, was Ihr f\u00fcr den K\u00fcchengebrauch ben\u00f6tigt. Desweiteren ist die K\u00fcche mit einem Backofen, einem [&hellip;]<\/p>\n","protected":false},"author":1,"featured_media":0,"parent":0,"menu_order":0,"comment_status":"closed","ping_status":"closed","template":"","meta":{"ocean_post_layout":"full-screen","ocean_both_sidebars_style":"","ocean_both_sidebars_content_width":0,"ocean_both_sidebars_sidebars_width":0,"ocean_sidebar":"0","ocean_second_sidebar":"0","ocean_disable_margins":"enable","ocean_add_body_class":"","ocean_shortcode_before_top_bar":"","ocean_shortcode_after_top_bar":"","ocean_shortcode_before_header":"","ocean_shortcode_after_header":"","ocean_has_shortcode":"","ocean_shortcode_after_title":"","ocean_shortcode_before_footer_widgets":"","ocean_shortcode_after_footer_widgets":"","ocean_shortcode_before_footer_bottom":"","ocean_shortcode_after_footer_bottom":"","ocean_display_top_bar":"on","ocean_display_header":"on","ocean_header_style":"","ocean_center_header_left_menu":"0","ocean_custom_header_template":"0","ocean_custom_logo":0,"ocean_custom_retina_logo":0,"ocean_custom_logo_max_width":0,"ocean_custom_logo_tablet_max_width":0,"ocean_custom_logo_mobile_max_width":0,"ocean_custom_logo_max_height":0,"ocean_custom_logo_tablet_max_height":0,"ocean_custom_logo_mobile_max_height":0,"ocean_header_custom_menu":"0","ocean_menu_typo_font_family":"0","ocean_menu_typo_font_subset":"","ocean_menu_typo_font_size":0,"ocean_menu_typo_font_size_tablet":0,"ocean_menu_typo_font_size_mobile":0,"ocean_menu_typo_font_size_unit":"px","ocean_menu_typo_font_weight":"","ocean_menu_typo_font_weight_tablet":"","ocean_menu_typo_font_weight_mobile":"","ocean_menu_typo_transform":"","ocean_menu_typo_transform_tablet":"","ocean_menu_typo_transform_mobile":"","ocean_menu_typo_line_height":0,"ocean_menu_typo_line_height_tablet":0,"ocean_menu_typo_line_height_mobile":0,"ocean_menu_typo_line_height_unit":"","ocean_menu_typo_spacing":0,"ocean_menu_typo_spacing_tablet":0,"ocean_menu_typo_spacing_mobile":0,"ocean_menu_typo_spacing_unit":"","ocean_menu_link_color":"","ocean_menu_link_color_hover":"","ocean_menu_link_color_active":"","ocean_menu_link_background":"","ocean_menu_link_hover_background":"","ocean_menu_link_active_background":"","ocean_menu_social_links_bg":"","ocean_menu_social_hover_links_bg":"","ocean_menu_social_links_color":"","ocean_menu_social_hover_links_color":"","ocean_disable_title":"on","ocean_disable_heading":"default","ocean_post_title":"","ocean_post_subheading":"","ocean_post_title_style":"","ocean_post_title_background_color":"","ocean_post_title_background":0,"ocean_post_title_bg_image_position":"","ocean_post_title_bg_image_attachment":"","ocean_post_title_bg_image_repeat":"","ocean_post_title_bg_image_size":"","ocean_post_title_height":0,"ocean_post_title_bg_overlay":0.5,"ocean_post_title_bg_overlay_color":"","ocean_disable_breadcrumbs":"default","ocean_breadcrumbs_color":"","ocean_breadcrumbs_separator_color":"","ocean_breadcrumbs_links_color":"","ocean_breadcrumbs_links_hover_color":"","ocean_display_footer_widgets":"on","ocean_display_footer_bottom":"on","ocean_custom_footer_template":"0","footnotes":""},"_links":{"self":[{"href":"https:\/\/seminarhaus-trier.de\/index.php?rest_route=\/wp\/v2\/pages\/47"}],"collection":[{"href":"https:\/\/seminarhaus-trier.de\/index.php?rest_route=\/wp\/v2\/pages"}],"about":[{"href":"https:\/\/seminarhaus-trier.de\/index.php?rest_route=\/wp\/v2\/types\/page"}],"author":[{"embeddable":true,"href":"https:\/\/seminarhaus-trier.de\/index.php?rest_route=\/wp\/v2\/users\/1"}],"replies":[{"embeddable":true,"href":"https:\/\/seminarhaus-trier.de\/index.php?rest_route=%2Fwp%2Fv2%2Fcomments&post=47"}],"version-history":[{"count":10,"href":"https:\/\/seminarhaus-trier.de\/index.php?rest_route=\/wp\/v2\/pages\/47\/revisions"}],"predecessor-version":[{"id":477,"href":"https:\/\/seminarhaus-trier.de\/index.php?rest_route=\/wp\/v2\/pages\/47\/revisions\/477"}],"wp:attachment":[{"href":"https:\/\/seminarhaus-trier.de\/index.php?rest_route=%2Fwp%2Fv2%2Fmedia&parent=47"}],"curies":[{"name":"wp","href":"https:\/\/api.w.org\/{rel}","templated":true}]}}