{"id":128,"date":"2020-01-07T20:52:25","date_gmt":"2020-01-07T20:52:25","guid":{"rendered":"http:\/\/seminarhaus-trier.de\/?page_id=128"},"modified":"2024-05-24T11:01:47","modified_gmt":"2024-05-24T11:01:47","slug":"umgebung","status":"publish","type":"page","link":"https:\/\/seminarhaus-trier.de\/?page_id=128","title":{"rendered":"Umgebung"},"content":{"rendered":"\t\t<div data-elementor-type=\"wp-page\" data-elementor-id=\"128\" class=\"elementor elementor-128\">\n\t\t\t\t\t\t<section class=\"elementor-section elementor-top-section elementor-element elementor-element-a995032 elementor-section-boxed elementor-section-height-default elementor-section-height-default\" data-id=\"a995032\" data-element_type=\"section\">\n\t\t\t\t\t\t<div class=\"elementor-container elementor-column-gap-default\">\n\t\t\t\t\t<div class=\"elementor-column elementor-col-100 elementor-top-column elementor-element elementor-element-3e14689\" data-id=\"3e14689\" data-element_type=\"column\">\n\t\t\t<div class=\"elementor-widget-wrap elementor-element-populated\">\n\t\t\t\t\t\t<div class=\"elementor-element elementor-element-801df37 elementor-hidden-tablet elementor-hidden-phone elementor-widget elementor-widget-spacer\" data-id=\"801df37\" data-element_type=\"widget\" data-widget_type=\"spacer.default\">\n\t\t\t\t<div class=\"elementor-widget-container\">\n\t\t\t\t\t<div class=\"elementor-spacer\">\n\t\t\t<div class=\"elementor-spacer-inner\"><\/div>\n\t\t<\/div>\n\t\t\t\t<\/div>\n\t\t\t\t<\/div>\n\t\t\t\t\t<\/div>\n\t\t<\/div>\n\t\t\t\t\t<\/div>\n\t\t<\/section>\n\t\t\t\t<section class=\"elementor-section elementor-top-section elementor-element elementor-element-b2680ee elementor-section-boxed elementor-section-height-default elementor-section-height-default\" data-id=\"b2680ee\" data-element_type=\"section\">\n\t\t\t\t\t\t<div class=\"elementor-container elementor-column-gap-default\">\n\t\t\t\t\t<div class=\"elementor-column elementor-col-33 elementor-top-column elementor-element elementor-element-f7cbd18\" data-id=\"f7cbd18\" data-element_type=\"column\">\n\t\t\t<div class=\"elementor-widget-wrap\">\n\t\t\t\t\t\t\t<\/div>\n\t\t<\/div>\n\t\t\t\t<div class=\"elementor-column elementor-col-33 elementor-top-column elementor-element elementor-element-db05441\" data-id=\"db05441\" data-element_type=\"column\">\n\t\t\t<div class=\"elementor-widget-wrap elementor-element-populated\">\n\t\t\t\t\t\t<div class=\"elementor-element elementor-element-a05ecac elementor-widget elementor-widget-text-editor\" data-id=\"a05ecac\" data-element_type=\"widget\" data-widget_type=\"text-editor.default\">\n\t\t\t\t<div class=\"elementor-widget-container\">\n\t\t\t\t\t\t\t<p style=\"text-align: right;\">Umgebung<\/p>\t\t\t\t\t\t<\/div>\n\t\t\t\t<\/div>\n\t\t\t\t\t<\/div>\n\t\t<\/div>\n\t\t\t\t<div class=\"elementor-column elementor-col-33 elementor-top-column elementor-element elementor-element-1be6e12\" data-id=\"1be6e12\" data-element_type=\"column\">\n\t\t\t<div class=\"elementor-widget-wrap\">\n\t\t\t\t\t\t\t<\/div>\n\t\t<\/div>\n\t\t\t\t\t<\/div>\n\t\t<\/section>\n\t\t\t\t<section class=\"elementor-section elementor-top-section elementor-element elementor-element-7e79382 elementor-section-boxed elementor-section-height-default elementor-section-height-default\" data-id=\"7e79382\" data-element_type=\"section\">\n\t\t\t\t\t\t<div class=\"elementor-container elementor-column-gap-default\">\n\t\t\t\t\t<div class=\"elementor-column elementor-col-100 elementor-top-column elementor-element elementor-element-84ce059\" data-id=\"84ce059\" data-element_type=\"column\">\n\t\t\t<div class=\"elementor-widget-wrap elementor-element-populated\">\n\t\t\t\t\t\t<div class=\"elementor-element elementor-element-bee7903 elementor-widget elementor-widget-image\" data-id=\"bee7903\" data-element_type=\"widget\" data-widget_type=\"image.default\">\n\t\t\t\t<div class=\"elementor-widget-container\">\n\t\t\t\t\t\t\t\t\t\t\t\t\t<img decoding=\"async\" src=\"https:\/\/seminarhaus-trier.de\/wp-content\/uploads\/2020\/01\/panorama.jpg\" title=\"panorama\" alt=\"panorama\" loading=\"lazy\" \/>\t\t\t\t\t\t\t\t\t\t\t\t\t<\/div>\n\t\t\t\t<\/div>\n\t\t\t\t\t<\/div>\n\t\t<\/div>\n\t\t\t\t\t<\/div>\n\t\t<\/section>\n\t\t\t\t<section class=\"elementor-section elementor-top-section elementor-element elementor-element-34304db elementor-section-boxed elementor-section-height-default elementor-section-height-default\" data-id=\"34304db\" data-element_type=\"section\">\n\t\t\t\t\t\t<div class=\"elementor-container elementor-column-gap-default\">\n\t\t\t\t\t<div class=\"elementor-column elementor-col-50 elementor-top-column elementor-element elementor-element-9ba1c02\" data-id=\"9ba1c02\" data-element_type=\"column\">\n\t\t\t<div class=\"elementor-widget-wrap elementor-element-populated\">\n\t\t\t\t\t\t<div class=\"elementor-element elementor-element-5172291 elementor-widget elementor-widget-text-editor\" data-id=\"5172291\" data-element_type=\"widget\" data-widget_type=\"text-editor.default\">\n\t\t\t\t<div class=\"elementor-widget-container\">\n\t\t\t\t\t\t\t<p><strong>Das Seminarhaus liegt mitten im Ruwertal mit dem Gartengrundst\u00fcck zum Ufer der Ruwer. Im Sommer wie im Winter &#8211; ein Idyll inmitten der Natur.<\/strong><\/p><p><strong>Die Ruwer ist ein Nebenfluss der Mosel. Sie entspringt im Hochwald n\u00e4he Hermeskeil und hat eine L\u00e4nge von knapp 50 km bis zur Moselm\u00fcndung. Entlang der Ruwer verlief urspr\u00fcnglich eine Eisenbahntrasse, welche Ende der 90er Jahre zu einem <a href=\"https:\/\/www.ruwer-hochwald-radweg.de\/home\/?no_cache=1\" target=\"_blank\" rel=\"noopener\">Radweg<\/a> umgebaut wurde. Der <a href=\"https:\/\/www.ruwer-hochwald-radweg.de\/home\/?no_cache=1\" target=\"_blank\" rel=\"noopener\">Radweg <\/a>ist entlang der Ruwer durch das gleichm\u00e4\u00dfige Gef\u00e4lle sehr angenehm zu fahren und verl\u00e4uft durch die sch\u00f6nsten T\u00e4ler zwischen Weinbergen, Wald und Flussauen.<\/strong><\/p><div><strong>Wer gerne in einem Gasthaus einkehren m\u00f6chte hat bei uns im Ruwertal gro\u00dfes Gl\u00fcck. Nur 5 Gehminuten entfernt liegt das <a href=\"http:\/\/www.gasthaus-reh.de\/\" target=\"_blank\" rel=\"noopener\">Gasthaus Reh<\/a>, welches f\u00fcr seine gutb\u00fcrgerliche K\u00fcche in Trier beliebt und bekannt ist. Zu Fu\u00df ca 15 Minuten entfernt liegt der Ort Sommerau. Hier ist die <a href=\"http:\/\/www.gut-sommerau.de\/\" target=\"_blank\" rel=\"noopener\">Pizzaria Gut Sommerau<\/a>, welche neben den typischen italienischen Gerichten auch heimische Weine direkt von den Steillagen des Sommerauer Schlo\u00dfbergs ausschenkt. Inmitten des malerischen \u00d6rtchens steht eine alte<a href=\"https:\/\/de.wikipedia.org\/wiki\/Burgruine_Sommerau\" target=\"_blank\" rel=\"noopener\"> Burg aus dem 13 jarhundert<\/a>. In Sichtweite steht die <a href=\"https:\/\/www.wagnermuehle.de\/\" target=\"_blank\" rel=\"noopener\">alte M\u00fchle<\/a> der Familie Wagner anno 1573, welche noch heute in Betrieb ist. Im Internet findest du viele <a href=\"https:\/\/www.tourenplaner-rheinland-pfalz.de\/de\/punkt\/burg-festung\/burgruine-sommerau\/2798261\/\" target=\"_blank\" rel=\"noopener\">Tourenplaner<\/a>, die diese sch\u00f6ne Ausflugsziele kennen. Und auch die <a href=\"https:\/\/www.ruwer.eu\/\" target=\"_blank\" rel=\"noopener\">Verbandegemeinde Ruwer\/TouristInfo Ruwertal<\/a> bietet\u00a0 umfangreiche Wander und AusflugInfos an.<\/strong><\/div><div>\u00a0<\/div><div><strong>Zwei wundersch\u00f6ne Wanderwege gehen direkt am Seminarhaus vorbei. Sowohl die <a href=\"https:\/\/www.saar-hunsrueck-steig.de\/traumschleifen\/romika-weg\" target=\"_blank\" rel=\"noopener\">Romikaschleife<\/a> als auch der <a href=\"https:\/\/www.saar-hunsrueck-steig.de\/traumschleifen\/morscheider-grenzpfad\" target=\"_blank\" rel=\"noopener\">Morscheider Grenzpfad<\/a> mit einer Wanderdauer von ca 2 bis 4 Stunden durchqueren abwechslungsreiche Naturstreifen, vorbei an Steilh\u00e4ngen, \u00fcber kleine Br\u00fccken, mal links und dann wieder rechts der Ruwer entlang.<\/strong><\/div><div>\u00a0<\/div><div><p><strong>Wer die Gelegenheit nutzen m\u00f6chte Trier, die \u00e4lteste Stadt Deutschland, besser kennen zu lernen, der hat von hier ein sehr guten Anschluss. Mit dem Auto sind es 10 minuten bis zur Innenstadt. F\u00fcr die Busfahrer gibt es eine Haltestelle in unmittelbarer N\u00e4he zu uns. Hier f\u00e4hrt die<a href=\"https:\/\/www.swt.de\/p\/fahrplanseiten-5-8090.html\" target=\"_blank\" rel=\"noopener\"> Linie 31 der SWT<\/a> tags\u00fcber alle 30 min direkt in die Innenstadt\/ Fussg\u00e4ngerzone, wobei die Fahrzeit nur 25 Minuten betr\u00e4gt. Am Wochenende fahren Busse noch um Mitternacht zur\u00fcck.<\/strong><\/p><\/div>\t\t\t\t\t\t<\/div>\n\t\t\t\t<\/div>\n\t\t\t\t\t<\/div>\n\t\t<\/div>\n\t\t\t\t<div class=\"elementor-column elementor-col-50 elementor-top-column elementor-element elementor-element-1051d1c\" data-id=\"1051d1c\" data-element_type=\"column\">\n\t\t\t<div class=\"elementor-widget-wrap elementor-element-populated\">\n\t\t\t\t\t\t<div class=\"elementor-element elementor-element-25894e7 elementor-widget elementor-widget-image\" data-id=\"25894e7\" data-element_type=\"widget\" data-widget_type=\"image.default\">\n\t\t\t\t<div class=\"elementor-widget-container\">\n\t\t\t\t\t\t\t\t\t\t\t\t\t<img fetchpriority=\"high\" decoding=\"async\" width=\"1024\" height=\"683\" src=\"https:\/\/seminarhaus-trier.de\/wp-content\/uploads\/2020\/01\/IMG_2816-1024x683.jpg\" class=\"attachment-large size-large wp-image-222\" alt=\"\" srcset=\"https:\/\/seminarhaus-trier.de\/wp-content\/uploads\/2020\/01\/IMG_2816-1024x683.jpg 1024w, https:\/\/seminarhaus-trier.de\/wp-content\/uploads\/2020\/01\/IMG_2816-300x200.jpg 300w, https:\/\/seminarhaus-trier.de\/wp-content\/uploads\/2020\/01\/IMG_2816-768x512.jpg 768w, https:\/\/seminarhaus-trier.de\/wp-content\/uploads\/2020\/01\/IMG_2816-1536x1024.jpg 1536w, https:\/\/seminarhaus-trier.de\/wp-content\/uploads\/2020\/01\/IMG_2816-2048x1365.jpg 2048w\" sizes=\"(max-width: 1024px) 100vw, 1024px\" \/>\t\t\t\t\t\t\t\t\t\t\t\t\t<\/div>\n\t\t\t\t<\/div>\n\t\t\t\t<div class=\"elementor-element elementor-element-09b8e20 elementor-widget elementor-widget-image\" data-id=\"09b8e20\" data-element_type=\"widget\" data-widget_type=\"image.default\">\n\t\t\t\t<div class=\"elementor-widget-container\">\n\t\t\t\t\t\t\t\t\t\t\t\t\t<img decoding=\"async\" width=\"1024\" height=\"768\" src=\"https:\/\/seminarhaus-trier.de\/wp-content\/uploads\/2020\/01\/IMG_20190915_134545-1024x768.jpg\" class=\"attachment-large size-large wp-image-224\" alt=\"\" srcset=\"https:\/\/seminarhaus-trier.de\/wp-content\/uploads\/2020\/01\/IMG_20190915_134545-1024x768.jpg 1024w, https:\/\/seminarhaus-trier.de\/wp-content\/uploads\/2020\/01\/IMG_20190915_134545-300x225.jpg 300w, https:\/\/seminarhaus-trier.de\/wp-content\/uploads\/2020\/01\/IMG_20190915_134545-768x576.jpg 768w, https:\/\/seminarhaus-trier.de\/wp-content\/uploads\/2020\/01\/IMG_20190915_134545-1536x1152.jpg 1536w, https:\/\/seminarhaus-trier.de\/wp-content\/uploads\/2020\/01\/IMG_20190915_134545-2048x1536.jpg 2048w\" sizes=\"(max-width: 1024px) 100vw, 1024px\" \/>\t\t\t\t\t\t\t\t\t\t\t\t\t<\/div>\n\t\t\t\t<\/div>\n\t\t\t\t\t<\/div>\n\t\t<\/div>\n\t\t\t\t\t<\/div>\n\t\t<\/section>\n\t\t\t\t<section class=\"elementor-section elementor-top-section elementor-element elementor-element-f6d5d4d elementor-section-boxed elementor-section-height-default elementor-section-height-default\" data-id=\"f6d5d4d\" data-element_type=\"section\">\n\t\t\t\t\t\t<div class=\"elementor-container elementor-column-gap-default\">\n\t\t\t\t\t<div class=\"elementor-column elementor-col-100 elementor-top-column elementor-element elementor-element-52c485d\" data-id=\"52c485d\" data-element_type=\"column\">\n\t\t\t<div class=\"elementor-widget-wrap elementor-element-populated\">\n\t\t\t\t\t\t<div class=\"elementor-element elementor-element-e3eadd7 elementor-widget elementor-widget-image\" data-id=\"e3eadd7\" data-element_type=\"widget\" data-widget_type=\"image.default\">\n\t\t\t\t<div class=\"elementor-widget-container\">\n\t\t\t\t\t\t\t\t\t\t\t\t\t<img decoding=\"async\" width=\"2560\" height=\"688\" src=\"https:\/\/seminarhaus-trier.de\/wp-content\/uploads\/2020\/01\/weitblick-im-winter-Kopie-scaled.jpg\" class=\"attachment-full size-full wp-image-223\" alt=\"\" srcset=\"https:\/\/seminarhaus-trier.de\/wp-content\/uploads\/2020\/01\/weitblick-im-winter-Kopie-scaled.jpg 2560w, https:\/\/seminarhaus-trier.de\/wp-content\/uploads\/2020\/01\/weitblick-im-winter-Kopie-300x81.jpg 300w, https:\/\/seminarhaus-trier.de\/wp-content\/uploads\/2020\/01\/weitblick-im-winter-Kopie-1024x275.jpg 1024w, https:\/\/seminarhaus-trier.de\/wp-content\/uploads\/2020\/01\/weitblick-im-winter-Kopie-768x207.jpg 768w, https:\/\/seminarhaus-trier.de\/wp-content\/uploads\/2020\/01\/weitblick-im-winter-Kopie-1536x413.jpg 1536w, https:\/\/seminarhaus-trier.de\/wp-content\/uploads\/2020\/01\/weitblick-im-winter-Kopie-2048x551.jpg 2048w\" sizes=\"(max-width: 2560px) 100vw, 2560px\" \/>\t\t\t\t\t\t\t\t\t\t\t\t\t<\/div>\n\t\t\t\t<\/div>\n\t\t\t\t\t<\/div>\n\t\t<\/div>\n\t\t\t\t\t<\/div>\n\t\t<\/section>\n\t\t\t\t<\/div>\n\t\t","protected":false},"excerpt":{"rendered":"<p>Umgebung Das Seminarhaus liegt mitten im Ruwertal mit dem Gartengrundst\u00fcck zum Ufer der Ruwer. Im Sommer wie im Winter &#8211; ein Idyll inmitten der Natur. Die Ruwer ist ein Nebenfluss der Mosel. Sie entspringt im Hochwald n\u00e4he Hermeskeil und hat eine L\u00e4nge von knapp 50 km bis zur Moselm\u00fcndung. Entlang der Ruwer verlief urspr\u00fcnglich eine [&hellip;]<\/p>\n","protected":false},"author":1,"featured_media":0,"parent":0,"menu_order":0,"comment_status":"closed","ping_status":"closed","template":"","meta":{"ocean_post_layout":"full-screen","ocean_both_sidebars_style":"","ocean_both_sidebars_content_width":0,"ocean_both_sidebars_sidebars_width":0,"ocean_sidebar":"0","ocean_second_sidebar":"0","ocean_disable_margins":"enable","ocean_add_body_class":"","ocean_shortcode_before_top_bar":"","ocean_shortcode_after_top_bar":"","ocean_shortcode_before_header":"","ocean_shortcode_after_header":"","ocean_has_shortcode":"","ocean_shortcode_after_title":"","ocean_shortcode_before_footer_widgets":"","ocean_shortcode_after_footer_widgets":"","ocean_shortcode_before_footer_bottom":"","ocean_shortcode_after_footer_bottom":"","ocean_display_top_bar":"on","ocean_display_header":"on","ocean_header_style":"","ocean_center_header_left_menu":"0","ocean_custom_header_template":"0","ocean_custom_logo":0,"ocean_custom_retina_logo":0,"ocean_custom_logo_max_width":0,"ocean_custom_logo_tablet_max_width":0,"ocean_custom_logo_mobile_max_width":0,"ocean_custom_logo_max_height":0,"ocean_custom_logo_tablet_max_height":0,"ocean_custom_logo_mobile_max_height":0,"ocean_header_custom_menu":"0","ocean_menu_typo_font_family":"0","ocean_menu_typo_font_subset":"","ocean_menu_typo_font_size":0,"ocean_menu_typo_font_size_tablet":0,"ocean_menu_typo_font_size_mobile":0,"ocean_menu_typo_font_size_unit":"px","ocean_menu_typo_font_weight":"","ocean_menu_typo_font_weight_tablet":"","ocean_menu_typo_font_weight_mobile":"","ocean_menu_typo_transform":"","ocean_menu_typo_transform_tablet":"","ocean_menu_typo_transform_mobile":"","ocean_menu_typo_line_height":0,"ocean_menu_typo_line_height_tablet":0,"ocean_menu_typo_line_height_mobile":0,"ocean_menu_typo_line_height_unit":"","ocean_menu_typo_spacing":0,"ocean_menu_typo_spacing_tablet":0,"ocean_menu_typo_spacing_mobile":0,"ocean_menu_typo_spacing_unit":"","ocean_menu_link_color":"","ocean_menu_link_color_hover":"","ocean_menu_link_color_active":"","ocean_menu_link_background":"","ocean_menu_link_hover_background":"","ocean_menu_link_active_background":"","ocean_menu_social_links_bg":"","ocean_menu_social_hover_links_bg":"","ocean_menu_social_links_color":"","ocean_menu_social_hover_links_color":"","ocean_disable_title":"on","ocean_disable_heading":"default","ocean_post_title":"","ocean_post_subheading":"","ocean_post_title_style":"","ocean_post_title_background_color":"","ocean_post_title_background":0,"ocean_post_title_bg_image_position":"","ocean_post_title_bg_image_attachment":"","ocean_post_title_bg_image_repeat":"","ocean_post_title_bg_image_size":"","ocean_post_title_height":0,"ocean_post_title_bg_overlay":0.5,"ocean_post_title_bg_overlay_color":"","ocean_disable_breadcrumbs":"default","ocean_breadcrumbs_color":"","ocean_breadcrumbs_separator_color":"","ocean_breadcrumbs_links_color":"","ocean_breadcrumbs_links_hover_color":"","ocean_display_footer_widgets":"on","ocean_display_footer_bottom":"on","ocean_custom_footer_template":"0","footnotes":""},"_links":{"self":[{"href":"https:\/\/seminarhaus-trier.de\/index.php?rest_route=\/wp\/v2\/pages\/128"}],"collection":[{"href":"https:\/\/seminarhaus-trier.de\/index.php?rest_route=\/wp\/v2\/pages"}],"about":[{"href":"https:\/\/seminarhaus-trier.de\/index.php?rest_route=\/wp\/v2\/types\/page"}],"author":[{"embeddable":true,"href":"https:\/\/seminarhaus-trier.de\/index.php?rest_route=\/wp\/v2\/users\/1"}],"replies":[{"embeddable":true,"href":"https:\/\/seminarhaus-trier.de\/index.php?rest_route=%2Fwp%2Fv2%2Fcomments&post=128"}],"version-history":[{"count":17,"href":"https:\/\/seminarhaus-trier.de\/index.php?rest_route=\/wp\/v2\/pages\/128\/revisions"}],"predecessor-version":[{"id":715,"href":"https:\/\/seminarhaus-trier.de\/index.php?rest_route=\/wp\/v2\/pages\/128\/revisions\/715"}],"wp:attachment":[{"href":"https:\/\/seminarhaus-trier.de\/index.php?rest_route=%2Fwp%2Fv2%2Fmedia&parent=128"}],"curies":[{"name":"wp","href":"https:\/\/api.w.org\/{rel}","templated":true}]}}